{"id":167,"date":"2016-01-20T18:54:58","date_gmt":"2016-01-20T17:54:58","guid":{"rendered":"http:\/\/www.korporate-events.com\/evenement\/?page_id=167"},"modified":"2019-04-18T15:39:31","modified_gmt":"2019-04-18T14:39:31","slug":"diner-spectacle","status":"publish","type":"page","link":"http:\/\/www.korporate-events.com\/evenement\/diner-spectacle\/","title":{"rendered":"D\u00eeners spectacles"},"content":{"rendered":"<div style=\"text-align: center;\"><span style=\"color: red;\"><span style=\"font-size: 36px;\"><strong>Les meilleurs D\u00eeners-Spectacles<\/strong><\/span><\/span><\/div>\n<div style=\"text-align: center; margin-top: 45px;\"><strong>Pour recevoir nos offres et b\u00e9n\u00e9ficier du vestiaire offert pour l&rsquo;ensemble de votre groupe, merci de renseigner votre adresse email.<\/strong><\/div>\n<p>[gravityform id=\u00a0\u00bb19&Prime; title=\u00a0\u00bbfalse\u00a0\u00bb description=\u00a0\u00bbfalse\u00a0\u00bb]<\/p>\n","protected":false},"excerpt":{"rendered":"<p>Les meilleurs D\u00eeners-Spectacles Pour recevoir nos offres et b\u00e9n\u00e9ficier du vestiaire offert pour l&rsquo;ensemble de votre groupe, merci de renseigner votre adresse email. [gravityform id=\u00a0\u00bb19&Prime; title=\u00a0\u00bbfalse\u00a0\u00bb description=\u00a0\u00bbfalse\u00a0\u00bb]<\/p>\n","protected":false},"author":1,"featured_media":0,"parent":0,"menu_order":0,"comment_status":"closed","ping_status":"closed","template":"","meta":{"footnotes":""},"class_list":["post-167","page","type-page","status-publish","hentry"],"_links":{"self":[{"href":"http:\/\/www.korporate-events.com\/evenement\/wp-json\/wp\/v2\/pages\/167","targetHints":{"allow":["GET"]}}],"collection":[{"href":"http:\/\/www.korporate-events.com\/evenement\/wp-json\/wp\/v2\/pages"}],"about":[{"href":"http:\/\/www.korporate-events.com\/evenement\/wp-json\/wp\/v2\/types\/page"}],"author":[{"embeddable":true,"href":"http:\/\/www.korporate-events.com\/evenement\/wp-json\/wp\/v2\/users\/1"}],"replies":[{"embeddable":true,"href":"http:\/\/www.korporate-events.com\/evenement\/wp-json\/wp\/v2\/comments?post=167"}],"version-history":[{"count":3,"href":"http:\/\/www.korporate-events.com\/evenement\/wp-json\/wp\/v2\/pages\/167\/revisions"}],"predecessor-version":[{"id":215,"href":"http:\/\/www.korporate-events.com\/evenement\/wp-json\/wp\/v2\/pages\/167\/revisions\/215"}],"wp:attachment":[{"href":"http:\/\/www.korporate-events.com\/evenement\/wp-json\/wp\/v2\/media?parent=167"}],"curies":[{"name":"wp","href":"https:\/\/api.w.org\/{rel}","templated":true}]}}