{"id":406,"date":"2021-06-23T11:03:04","date_gmt":"2021-06-23T10:03:04","guid":{"rendered":"http:\/\/www.korporate-events.com\/evenement\/?page_id=406"},"modified":"2021-06-23T11:10:36","modified_gmt":"2021-06-23T10:10:36","slug":"animations-physiques-20212022","status":"publish","type":"page","link":"http:\/\/www.korporate-events.com\/evenement\/animations-physiques-20212022\/","title":{"rendered":"Animations physiques 2021\/2022"},"content":{"rendered":"<h1 style=\"text-align: center;\"><strong>Les \u00e9v\u00e8nements physiques reprennent et nous sommes heureux de vous retrouver !\u00a0<\/strong><\/h1>\n<h1 style=\"text-align: center;\"><strong><img loading=\"lazy\" decoding=\"async\" class=\"wp-image-409 aligncenter\" src=\"http:\/\/www.korporate-events.com\/evenement\/wp-content\/uploads\/2021\/06\/photo-1600880292089-90a7e086ee0c-2-1-300x200.jpg\" alt=\"\" width=\"375\" height=\"250\" srcset=\"http:\/\/www.korporate-events.com\/evenement\/wp-content\/uploads\/2021\/06\/photo-1600880292089-90a7e086ee0c-2-1-300x200.jpg 300w, http:\/\/www.korporate-events.com\/evenement\/wp-content\/uploads\/2021\/06\/photo-1600880292089-90a7e086ee0c-2-1-768x512.jpg 768w, http:\/\/www.korporate-events.com\/evenement\/wp-content\/uploads\/2021\/06\/photo-1600880292089-90a7e086ee0c-2-1-624x416.jpg 624w, http:\/\/www.korporate-events.com\/evenement\/wp-content\/uploads\/2021\/06\/photo-1600880292089-90a7e086ee0c-2-1.jpg 951w\" sizes=\"auto, (max-width: 375px) 100vw, 375px\" \/><\/strong><\/h1>\n<p style=\"text-align: center;\">D\u00e9couvrez d\u00e8s \u00e0 pr\u00e9sent nos s\u00e9minaires de rentr\u00e9e et nos soir\u00e9es \u00e0 th\u00e8me de fin d&rsquo;ann\u00e9e !<\/p>\n<p style=\"text-align: left;\">[gravityform id=\u00a0\u00bb29&Prime; title=\u00a0\u00bbtrue\u00a0\u00bb description=\u00a0\u00bbtrue\u00a0\u00bb]<\/p>\n","protected":false},"excerpt":{"rendered":"<p>Les \u00e9v\u00e8nements physiques reprennent et nous sommes heureux de vous retrouver !\u00a0 D\u00e9couvrez d\u00e8s \u00e0 pr\u00e9sent nos s\u00e9minaires de rentr\u00e9e et nos soir\u00e9es \u00e0 th\u00e8me de fin d&rsquo;ann\u00e9e ! [gravityform id=\u00a0\u00bb29&Prime; title=\u00a0\u00bbtrue\u00a0\u00bb description=\u00a0\u00bbtrue\u00a0\u00bb]<\/p>\n","protected":false},"author":1,"featured_media":0,"parent":0,"menu_order":0,"comment_status":"closed","ping_status":"closed","template":"","meta":{"footnotes":""},"class_list":["post-406","page","type-page","status-publish","hentry"],"_links":{"self":[{"href":"http:\/\/www.korporate-events.com\/evenement\/wp-json\/wp\/v2\/pages\/406","targetHints":{"allow":["GET"]}}],"collection":[{"href":"http:\/\/www.korporate-events.com\/evenement\/wp-json\/wp\/v2\/pages"}],"about":[{"href":"http:\/\/www.korporate-events.com\/evenement\/wp-json\/wp\/v2\/types\/page"}],"author":[{"embeddable":true,"href":"http:\/\/www.korporate-events.com\/evenement\/wp-json\/wp\/v2\/users\/1"}],"replies":[{"embeddable":true,"href":"http:\/\/www.korporate-events.com\/evenement\/wp-json\/wp\/v2\/comments?post=406"}],"version-history":[{"count":3,"href":"http:\/\/www.korporate-events.com\/evenement\/wp-json\/wp\/v2\/pages\/406\/revisions"}],"predecessor-version":[{"id":411,"href":"http:\/\/www.korporate-events.com\/evenement\/wp-json\/wp\/v2\/pages\/406\/revisions\/411"}],"wp:attachment":[{"href":"http:\/\/www.korporate-events.com\/evenement\/wp-json\/wp\/v2\/media?parent=406"}],"curies":[{"name":"wp","href":"https:\/\/api.w.org\/{rel}","templated":true}]}}